{"id":319,"date":"2019-01-15T13:27:30","date_gmt":"2019-01-15T12:27:30","guid":{"rendered":"http:\/\/blogak.goiena.eus\/sasoibide\/?page_id=319"},"modified":"2024-03-17T19:31:17","modified_gmt":"2024-03-17T18:31:17","slug":"komunikabideetan","status":"publish","type":"page","link":"https:\/\/blogak.goiena.eus\/sasoibide\/komunikabideetan\/","title":{"rendered":"Komunikabideetan"},"content":{"rendered":"<ul>\n<li>\u00ab<a href=\"https:\/\/mondraberri.eus\/lilabide-emakume-martxa-arrakastatsuak-kolore-morez-bete-ditu-kaleak\/\">Lilabide emakume-martxa arrakastatsuak kolore morez bete ditu kaleak<\/a>\u00ab, Mondraberri, 2024-03-08<\/li>\n<li>\u00ab<a href=\"https:\/\/goiena.eus\/arrasate\/1709910058742-lilabide-martxa-egin-dute-lehenengo-aldiz\">Lilabide martxa egin dute lehenengo aldiz<\/a>\u00ab, Goiena, 2024-03-08<\/li>\n<li>\u00ab<a href=\"https:\/\/goiena.eus\/arrasate\/1709305766048-sasoibidekoek-lilatoirako-eta-lilabiderako-entrenamenduak-egin-dituzte\">Sasoibidekoek Lilatoirako eta Lilabiderako entrenamenduak egin dituzte<\/a>\u00ab, Goiena, 2024-03-01<\/li>\n<li>\u00ab<a href=\"https:\/\/goiena.eus\/arrasate\/1709126922703-zaku-bete-kontu-saioa-2024-02-28\">Sasoibideko <em>Lilabide<\/em>-ri buruz elkarrizketa, Margari Gorrotxategirekin<\/a>\u00ab, Arrasate Irratia, 2024-02-28 (0:19:10-etik aurrera)<\/li>\n<li>\u00ab<a href=\"https:\/\/goiena.eus\/arrasate\/1709054571681-lilabide-emakumeen-martxa-egingo-dute-arrasaten-martxoaren-8an\">Lilabide emakumeen martxa egingo dute Arrasaten Martxoaren 8an<\/a>\u00ab, Goiena, 2024-02-27<\/li>\n<li>\u00ab<a href=\"https:\/\/goiena.eus\/arrasate\/1697459356246-asteon-abiatuko-dute-sasoibide-ekimenaren-ikasturte-berria\">Asteon abiatuko dute Sasoibide ekimenaren ikasturte berria<\/a>\u00ab, Arrasate Irratia, 2023-10-16<\/li>\n<li>\u00ab<a href=\"https:\/\/mondraberri.eus\/sasobidek-gidatu-ditu-nagusien-asteko-irteerak-goizean\/\">Sasoibidek gidatu ditu Nagusien Asteko irteerak goizean<\/a>\u00ab, Mondraberri, 2023-09-28<\/li>\n<li>\u00ab<a href=\"https:\/\/goiena.eus\/arrasate\/1686730991258-aks-sarietan-errekonozimendua-pirolitikei-sasoibidekoei-eta-karmelo-bergaretxeri\">AKS sarietan errokonozimendua Pirolitikei, Sasoibidekoei eta Karmelo Bergaretxeri<\/a>\u00ab, Goiena, 2023-06-14.<\/li>\n<li>\u00ab<a href=\"https:\/\/gipuzkoa.hitza.eus\/2023\/03\/03\/inoizko-lilatoirik-jendetsuena\/\">Inoizko Lilatoirik jendetsuena<\/a>\u00ab, Gipuzkoako Hitza, 2023\/03\/03.<\/li>\n<li><a href=\"https:\/\/goiena.eus\/arrasate\/1676036025470-sasoibide-ekimeneko-kideen-bisita-irratian\">Sasoibide ekimeneko kideen bisita irratian<\/a>\u00ab, Arrasate Irratia, 2023\/02\/08.<\/li>\n<li>\u00ab<a href=\"https:\/\/mondraberri.eus\/arizmendi-new-longevity-summit-nazioarteko-goi-bileran-izan-da\/\">Arizmendi &#8216;New Longevity Summit&#8217; nazioarteko goi-bileran izan da<\/a>\u00ab, Sasoibiderekin garatutako \u00abJarduera fisikoa 3. adinean\u00bb proiektuaren inguruan, Mondraberri, 2022\/11\/08<\/li>\n<li>\u00ab<a href=\"https:\/\/mondraberri.eus\/sasoibideko-lagunek-san-baleriora-egin-dute-irteera\/\">Sasoibideko lagunek San Baleriora egin dute irteera<\/a>\u00ab, Mondraberri, 2022\/10\/13<\/li>\n<li>\u00ab<a href=\"http:\/\/www.arizmendi.eus\/eu\/berriak\/ikastolako-bizitza\/erizaintza-zaintza-osagarrietako-ikasleak-iturbide-egoitzan\/\">Erizaintza Zaintza Osagarrietako ikasleak Iturbide egoitzan izan ziren<\/a>\u00ab, Arizmendi Ikastola, 2022\/10\/04<\/li>\n<li>\u00ab<a href=\"https:\/\/mondraberri.eus\/sasoibideko-lagunek-eta-arizmendiko-ikasleek-iturbide-egoitza-bisitatu-dute\/\">Sasoibideko lagunek eta Arizmendiko ikasleek Iturbide egoitza bisitatu dute<\/a>\u00ab, Mondraberri, 2022\/09\/30<\/li>\n<li>\u00ab<a href=\"https:\/\/mondraberri.eus\/ikasturte-honi-agur-esateko-sasoibideko-lagunek-inaziotar-bideko-2-etapa-egin-dute\/\">Ikasturteari agur esateko Sasoibideko lagunek Inaziotar bideko 2. etapa egin dute<\/a>\u00ab, Mondraberri, 2022\/07\/01<\/li>\n<li><a href=\"https:\/\/goiena.eus\/arrasate\/1625665834206-ia-1000-lagun-mugiarazi-ditu-ikasturte-honetan-sasoibidek\">Ia 1.000 lagun mugiarazi ditu ikasturte honetan Sasoibidek<\/a>, Goiena, 2021\/07\/09<\/li>\n<li><a title=\"Sasoibideko erronka: Ignaziotar Bidearen 1. etapa\" href=\"https:\/\/mondraberri.eus\/sasoibideko-erronka-ignaziotar-bidearen-1-etapa\/\" rel=\"bookmark\">Sasoibideko erronka: Ignaziotar Bidearen 1. etapa<\/a>, Mondraberri, 2021\/07\/02<\/li>\n<li><a href=\"https:\/\/goiena.eus\/arrasate\/1625212458874-ignaziotar-bidearen-lehen-etapa-eginda-agurtu-dute-ikasturtea\">Inaziotar Bidearen lehen etapa eginda agurtu dute ikasturtea<\/a>, Goiena, 2021\/07\/02<\/li>\n<li><a href=\"https:\/\/mondraberri.eus\/sasoibidek-urteko-lehen-irteera-antolatu-du\/\">Sasoibidek urteko lehen irteera antolatu du<\/a>, Mondraberri, 2020\/01\/09<\/li>\n<li><a href=\"https:\/\/mondraberri.eus\/sasoibidek-urteko-lehen-irteera-antolatu-du\/\">Arrasatearrak aktibatzeko asmoarekin, bueltan da berriz ere Sasoibide<\/a>\u00ab, Goiena telebista, 2019\/11\/06<\/li>\n<li>\u00ab<a href=\"https:\/\/www.noticiasdegipuzkoa.eus\/2019\/11\/05\/vecinos\/debagoiena\/sasoibide-reanuda-en-arrasate-el-programa-de-paseos-saludables\" target=\"_blank\" rel=\"noopener noreferrer\">Sasoibide reanuda en Arrasate el programa de paseos saludables<\/a>\u00ab, Noticias de Gipuzkoa, 2019\/11\/05<\/li>\n<li>\u00ab<a href=\"http:\/\/www.mondraberri.eus\/mondraberri\/contenidos.item.action?id=9912716&amp;menuId=4732272&amp;onlypath=true\">Sasoibide ekimena azaroan martxan jarriko da<\/a>\u00ab, Mondraberri, 2019\/10\/29<\/li>\n<li><a href=\"http:\/\/mondraberri.eus\/mondraberri\/contenidos.item.action?id=4030498&amp;menuId=4732272&amp;onlypath=true\">\u00abMila esker Margari Gorrotxategi eta Lorea Iregi!\u00bb<\/a>, Mondraberri atarian Sasoibideko kideen esker ona, 2019\/06\/10<\/li>\n<li><a href=\"https:\/\/www.diariovasco.com\/alto-deba\/arrasate\/sasoibide-senda-saludable-20190609001419-ntvo.html\">\u00abSasoibide, en la senda saludable\u00bb<\/a>, Diario Vasco, 2019\/06\/09<\/li>\n<li><a href=\"https:\/\/goiena.eus\/arrasate\/1548234522633-inguruak-eta-jendea-ezagutu-paseatzen-sasoibiderekin\" target=\"_blank\" rel=\"noopener noreferrer\">Goiena telebistako Hemen Debagoiena saioan erreportajea<\/a>, Goiena telebista, 2019\/01\/23<\/li>\n<li><a href=\"https:\/\/goiena.eus\/arrasate\/1547477016719-lorea-iregi-sasoibiderekin-ikasi-duguna-eta-ikasteko-duguna-asko-da\">Lorea Iregi: \u00abSasoibiderekin ikasi duguna eta ikasteko duguna asko da\u00bb<\/a>, Arrasate Irratia, 2019\/01\/15<\/li>\n<li>\u00ab<a href=\"https:\/\/www.businessinsider.es\/emprender-mas-alla-60-anos-5-originales-ideas-negocio-creadas-viejenials-276189?page=1\">Emprender m\u00e1s all\u00e1 de los 60 a\u00f1os: 5 originales ideas de negocio creadas por &#8216;viejenials&#8217;<\/a>\u00ab, Business Insider, 2018\/07\/13<\/li>\n<li><a href=\"https:\/\/www.ivoox.com\/sasoibide-elkarrizketa-radio-san-sebastian-audios-mp3_rf_31583372_1.html\">Radio San Sebasti\u00e1n irrati kateko \u00abHoy por Hoy\u00bb saioan elkarrizketa Lorea Iregi eta Margari Gorrotxategiri<\/a>, 2018\/07\/10<\/li>\n<li>\u00ab<a href=\"https:\/\/www.naiz.eus\/es\/hemeroteca\/gara\/editions\/2018-07-02\/hemeroteca_articles\/sasoibide-suma-emprendizaje-y-envejecimiento-activo\">Sasoibide suma emprendizaje y envejecimiento activo<\/a>\u00ab, Gara, 2018\/07\/02<\/li>\n<li>\u00ab<a href=\"http:\/\/www.mondraberri.com\/mondraberri\/contenidos.item.action?id=4079260&amp;menuId=7109426\">Adinean aurrera egin arren, gizarte aktiboan parte izan nahi dugu<\/a>\u00ab, Mondraberri, 2018\/06\/27<\/li>\n<li><a href=\"http:\/\/spain.ashoka.org\/becasaquarius\/prensaba\/\">Ashoka-ren webgunean Aquarius bekari buruzko prentsa edukia<\/a><\/li>\n<li>\u00ab<a href=\"https:\/\/www.youtube.com\/watch?reload=9&amp;v=uwswWRl8M1g&amp;feature=youtube_gdata_player\">Sasoibide\u201d Becas Aquarius 2018<\/a>\u00ab, youtube.com, 2018\/06\/26<\/li>\n<li>Goiena.eus-en elkarrizketa: \u00ab<a href=\"https:\/\/goiena.eus\/arrasate\/1529510361106-ekintzailetasunak-adinik-ez-duen-adibide\">Ekintzailetasunak adinik ez duen adibide<\/a>\u00ab, Goiena, 2018\/06\/20<\/li>\n<li>\u00ab<a href=\"https:\/\/www.diariovasco.com\/alto-deba\/arrasate\/seleccionan-mujeres-arrasate-20180614000826-ntvo.html\">Seleccionan a dos mujeres de Arrasate en las Becas Aquarius para mayores de 60 a\u00f1os<\/a>\u00ab, Diariovasco.com, 2018\/06\/14<\/li>\n<li>\u00ab<a href=\"https:\/\/www.cocacolaespana.es\/prensa\/comunicados-de-prensa\/aquairus-anuncia-finalistas-becas-emprendimiento-mayores-60-anos\">Aquarius anuncia los finalistas de las \u00fanicas becas de emprendimiento social para mayores de 60 a\u00f1os<\/a>\u00ab, Coca Cola, 2018\/06\/13<\/li>\n<\/ul>\n","protected":false},"excerpt":{"rendered":"<p>\u00abLilabide emakume-martxa arrakastatsuak kolore morez bete ditu kaleak\u00ab, Mondraberri, 2024-03-08 \u00abLilabide martxa egin dute lehenengo aldiz\u00ab, Goiena, 2024-03-08 \u00abSasoibidekoek Lilatoirako eta Lilabiderako entrenamenduak egin dituzte\u00ab, Goiena, 2024-03-01 \u00abSasoibideko Lilabide-ri buruz elkarrizketa, Margari Gorrotxategirekin\u00ab, Arrasate Irratia, 2024-02-28 (0:19:10-etik aurrera) \u00abLilabide emakumeen&hellip;<\/p>\n","protected":false},"author":184,"featured_media":0,"parent":0,"menu_order":0,"comment_status":"closed","ping_status":"closed","template":"","meta":{"ngg_post_thumbnail":0,"footnotes":""},"class_list":["post-319","page","type-page","status-publish","hentry"],"_links":{"self":[{"href":"https:\/\/blogak.goiena.eus\/sasoibide\/wp-json\/wp\/v2\/pages\/319","targetHints":{"allow":["GET"]}}],"collection":[{"href":"https:\/\/blogak.goiena.eus\/sasoibide\/wp-json\/wp\/v2\/pages"}],"about":[{"href":"https:\/\/blogak.goiena.eus\/sasoibide\/wp-json\/wp\/v2\/types\/page"}],"author":[{"embeddable":true,"href":"https:\/\/blogak.goiena.eus\/sasoibide\/wp-json\/wp\/v2\/users\/184"}],"replies":[{"embeddable":true,"href":"https:\/\/blogak.goiena.eus\/sasoibide\/wp-json\/wp\/v2\/comments?post=319"}],"version-history":[{"count":32,"href":"https:\/\/blogak.goiena.eus\/sasoibide\/wp-json\/wp\/v2\/pages\/319\/revisions"}],"predecessor-version":[{"id":16039,"href":"https:\/\/blogak.goiena.eus\/sasoibide\/wp-json\/wp\/v2\/pages\/319\/revisions\/16039"}],"wp:attachment":[{"href":"https:\/\/blogak.goiena.eus\/sasoibide\/wp-json\/wp\/v2\/media?parent=319"}],"curies":[{"name":"wp","href":"https:\/\/api.w.org\/{rel}","templated":true}]}}