{"id":79,"date":"2011-10-04T18:27:16","date_gmt":"2011-10-04T18:27:16","guid":{"rendered":"http:\/\/agrupacionimurgia.wordpress.com\/?page_id=2"},"modified":"2011-10-04T18:27:16","modified_gmt":"2011-10-04T18:27:16","slug":"nortzuk-gara","status":"publish","type":"page","link":"https:\/\/blogak.goiena.eus\/imurgiaelkartea\/nortzuk-gara\/","title":{"rendered":"Nortzuk gara \/ Qui\u00e9nes somos"},"content":{"rendered":"<p><span style=\"color: #000000;font-family: Arial\">Izaskun Murgia Elkarte Lirikoa\u00a0<a href=\"http:\/\/agrupacionimurgia.wordpress.com\/nortzuk-gar\/tere-gonzalez\/\">Tere Gonzalez<\/a>\u00a0Arrasate Musikaleko kantu irakaslearen ekimenari esker sortu zen. Asmoa lan berean aritu zen Izaskun Murgia zenari omenaldia eskaintzea zen. Ikasle gehienen laguntzarekin batera, Arrasatek betidanik izan duen zartzuelarako grina berreskuratu eta herriko hutsunea betetzeko helburua bete nahian lanean hasi zen. Taldeko partaideon beharrei irteera artistikoa emateaz gain, Elkartearen inguruan zituzten ametsak egi bihurtzea lortu dugu.<\/span><\/p>\n<p><span style=\"color: #000000;font-family: Arial\">Azken bederatzi urteotan, proiektu eder honi pertsona ezberdinak batu zaizkio, beren ezagupenez, ilusioaz eta energiaz taldea aberastuz. Horri guztiari esker, talde gazte eta heterogeneoa izatea lortu dugu, kantuari, zartzuelari eta antzerkiari diogun maitasunak lotzen gaituelarik.<\/span><\/p>\n<p><span style=\"color: #000000;font-family: Arial\">Egun, gure helburua, urtero herriari zartzuela bat eskaintzea da, eta horretan gabiltza. Gure ilusio eta ahalegin guztiak jartzen ditugu, benetan merezi duelakoan.<\/span><\/p>\n<div><span style=\"color: #000000;font-family: Arial\"><span style=\"color: #000000;font-family: Arial\"><a href=\"http:\/\/blogak.goiena.eus\/imurgiaelkartea\/wp-content\/uploads\/sites\/97\/2011\/10\/La-Gran-via-243.jpg\"><img loading=\"lazy\" decoding=\"async\" class=\"aligncenter size-large wp-image-306\" title=\"La Gran via\" src=\"http:\/\/blogak.goiena.eus\/imurgiaelkartea\/wp-content\/uploads\/sites\/97\/2011\/10\/La-Gran-via-243-1024x682.jpg\" alt=\"\" width=\"590\" height=\"392\" srcset=\"https:\/\/blogak.goiena.eus\/imurgiaelkartea\/wp-content\/uploads\/sites\/97\/2011\/10\/La-Gran-via-243-1024x682.jpg 1024w, https:\/\/blogak.goiena.eus\/imurgiaelkartea\/wp-content\/uploads\/sites\/97\/2011\/10\/La-Gran-via-243-300x200.jpg 300w\" sizes=\"auto, (max-width: 590px) 100vw, 590px\" \/><\/a><span style=\"font-family: Arial\">La Asociaci\u00f3n L\u00edrica Izaskun Murgia ha nacido como consecuencia del impuso dado por la profesora de canto <\/span> <a href=\"http:\/\/imurgiaelkartea.org\/?page_id=245\" target=\"_blank\"><span style=\"color: #ff0000;font-family: Arial\">Tere Gonz\u00e1lez<\/span><\/a><span style=\"font-family: Arial\">, con el prop\u00f3sito de rendir un homenaje a la que fue asimismo profesora de Arrasate Musikal Izaskun Murgia. Con la colaboraci\u00f3n de la mayor\u00eda de sus alumnos y alumnas, se han hecho adem\u00e1s el prop\u00f3sito de recuperar la tradici\u00f3n zarzuelista de Arrasate, as\u00ed como de llenar el vac\u00edo existente en este tipo de representaciones en nuestro pueblo. Esto, unido al objetivo de darle una salida art\u00edstica a las inquietudes de este grupo, han conformado esta Asociaci\u00f3n que despu\u00e9s de nueve a\u00f1os de funcionamiento se ha convertido en una realidad.<\/span> <\/span><\/span><span style=\"font-family: Arial\">En estos\u00a0 a\u00f1os, se le han ido sumando al proyecto hombres y mujeres que han ido aportando sus conocimientos, ilusiones y energ\u00edas, y que nos ha hecho hoy ser un grupo joven, heterog\u00e9neo y unido por el amor al canto, a la zarzuela y al teatro.<\/span><\/p>\n<p><span style=\"font-family: Arial\">Hoy por hoy, nuestro reto consiste en poder ofrecer una zarzuela al a\u00f1o. En ello estamos. En su consecuci\u00f3n estamos poniendo todo nuestro empe\u00f1o.<\/span><\/p>\n<p><span style=\"color: #000000;font-family: Arial\"><br \/>\n<\/span><\/div>\n","protected":false},"excerpt":{"rendered":"<p>Izaskun Murgia Elkarte Lirikoa\u00a0Tere Gonzalez\u00a0Arrasate Musikaleko kantu irakaslearen ekimenari esker sortu zen. Asmoa lan berean aritu zen Izaskun Murgia zenari omenaldia eskaintzea zen. Ikasle gehienen laguntzarekin batera, Arrasatek betidanik izan duen zartzuelarako grina berreskuratu eta herriko hutsunea betetzeko helburua bete nahian lanean hasi zen. Taldeko partaideon beharrei irteera artistikoa emateaz gain, Elkartearen inguruan zituzten ametsak &hellip; <\/p>\n<p><a class=\"more-link btn\" href=\"https:\/\/blogak.goiena.eus\/imurgiaelkartea\/nortzuk-gara\/\">Continue reading<\/a><\/p>\n","protected":false},"author":108,"featured_media":0,"parent":0,"menu_order":1,"comment_status":"open","ping_status":"closed","template":"","meta":{"ngg_post_thumbnail":0,"footnotes":""},"class_list":["post-79","page","type-page","status-publish","hentry","nodate","item-wrap"],"_links":{"self":[{"href":"https:\/\/blogak.goiena.eus\/imurgiaelkartea\/wp-json\/wp\/v2\/pages\/79","targetHints":{"allow":["GET"]}}],"collection":[{"href":"https:\/\/blogak.goiena.eus\/imurgiaelkartea\/wp-json\/wp\/v2\/pages"}],"about":[{"href":"https:\/\/blogak.goiena.eus\/imurgiaelkartea\/wp-json\/wp\/v2\/types\/page"}],"author":[{"embeddable":true,"href":"https:\/\/blogak.goiena.eus\/imurgiaelkartea\/wp-json\/wp\/v2\/users\/108"}],"replies":[{"embeddable":true,"href":"https:\/\/blogak.goiena.eus\/imurgiaelkartea\/wp-json\/wp\/v2\/comments?post=79"}],"version-history":[{"count":0,"href":"https:\/\/blogak.goiena.eus\/imurgiaelkartea\/wp-json\/wp\/v2\/pages\/79\/revisions"}],"wp:attachment":[{"href":"https:\/\/blogak.goiena.eus\/imurgiaelkartea\/wp-json\/wp\/v2\/media?parent=79"}],"curies":[{"name":"wp","href":"https:\/\/api.w.org\/{rel}","templated":true}]}}

Nortzuk gara / Quiénes somos

<p><span style="color: #000000;font-family: Arial">Izaskun Murgia Elkarte Lirikoa <a href="http://agrupacionimurgia.wordpress.com/nortzuk-gar/tere-gonzalez/">Tere Gonzalez</a> Arrasate Musikaleko kantu irakaslearen ekimenari esker sortu zen. Asmoa lan berean aritu zen Izaskun Murgia zenari omenaldia eskaintzea zen. Ikasle gehienen laguntzarekin batera, Arrasatek betidanik izan duen zartzuelarako grina berreskuratu eta herriko hutsunea betetzeko helburua bete nahian lanean hasi zen. Taldeko partaideon beharrei irteera artistikoa emateaz gain, Elkartearen inguruan zituzten ametsak egi bihurtzea lortu dugu.</span></p>
<p><span style="color: #000000;font-family: Arial">Azken bederatzi urteotan, proiektu eder honi pertsona ezberdinak batu zaizkio, beren ezagupenez, ilusioaz eta energiaz taldea aberastuz. Horri guztiari esker, talde gazte eta heterogeneoa izatea lortu dugu, kantuari, zartzuelari eta antzerkiari diogun maitasunak lotzen gaituelarik.</span></p>
<p><span style="color: #000000;font-family: Arial">Egun, gure helburua, urtero herriari zartzuela bat eskaintzea da, eta horretan gabiltza. Gure ilusio eta ahalegin guztiak jartzen ditugu, benetan merezi duelakoan.</span></p>
<div><span style="color: #000000;font-family: Arial"><span style="color: #000000;font-family: Arial"><a href="http://blogak.goiena.eus/imurgiaelkartea/wp-content/uploads/sites/97/2011/10/La-Gran-via-243.jpg"><img loading="lazy" decoding="async" class="aligncenter size-large wp-image-306" title="La Gran via" src="http://blogak.goiena.eus/imurgiaelkartea/wp-content/uploads/sites/97/2011/10/La-Gran-via-243-1024x682.jpg" alt="" width="590" height="392" srcset="https://blogak.goiena.eus/imurgiaelkartea/wp-content/uploads/sites/97/2011/10/La-Gran-via-243-1024x682.jpg 1024w, https://blogak.goiena.eus/imurgiaelkartea/wp-content/uploads/sites/97/2011/10/La-Gran-via-243-300x200.jpg 300w" sizes="auto, (max-width: 590px) 100vw, 590px" /></a><span style="font-family: Arial">La Asociación Lírica Izaskun Murgia ha nacido como consecuencia del impuso dado por la profesora de canto </span> <a href="http://imurgiaelkartea.org/?page_id=245" target="_blank"><span style="color: #ff0000;font-family: Arial">Tere González</span></a><span style="font-family: Arial">, con el propósito de rendir un homenaje a la que fue asimismo profesora de Arrasate Musikal Izaskun Murgia. Con la colaboración de la mayoría de sus alumnos y alumnas, se han hecho además el propósito de recuperar la tradición zarzuelista de Arrasate, así como de llenar el vacío existente en este tipo de representaciones en nuestro pueblo. Esto, unido al objetivo de darle una salida artística a las inquietudes de este grupo, han conformado esta Asociación que después de nueve años de funcionamiento se ha convertido en una realidad.</span> </span></span><span style="font-family: Arial">En estos  años, se le han ido sumando al proyecto hombres y mujeres que han ido aportando sus conocimientos, ilusiones y energías, y que nos ha hecho hoy ser un grupo joven, heterogéneo y unido por el amor al canto, a la zarzuela y al teatro.</span></p>
<p><span style="font-family: Arial">Hoy por hoy, nuestro reto consiste en poder ofrecer una zarzuela al año. En ello estamos. En su consecución estamos poniendo todo nuestro empeño.</span></p>
<p><span style="color: #000000;font-family: Arial"><br />
</span></div>
