{"id":283,"date":"2011-10-09T16:49:57","date_gmt":"2011-10-09T14:49:57","guid":{"rendered":"http:\/\/agrupacionimurgia.wordpress.com\/?page_id=283"},"modified":"2011-10-09T16:49:57","modified_gmt":"2011-10-09T14:49:57","slug":"argazkiak","status":"publish","type":"page","link":"https:\/\/blogak.goiena.eus\/imurgiaelkartea\/argazkiak\/","title":{"rendered":"Argazkiak"},"content":{"rendered":"<p>Honako helbideetan topatuko dituzue obretan ateratako argazkiak, guztiak ere picasa-ko kontuan pilatuak:<\/p>\n<ul>\n<li><a href=\"https:\/\/picasaweb.google.com\/116690876744915196436\/2000LaTaberneraDelPuerto?authkey=Gv1sRgCJ_mq_j7m5vIDg\" target=\"_blank\">2000: La Tabernera del Puerto<\/a><\/li>\n<li><a href=\"https:\/\/picasaweb.google.com\/116690876744915196436\/2001Katiuska\" target=\"_blank\">2001: Katiuska<\/a><\/li>\n<li><a href=\"https:\/\/picasaweb.google.com\/116690876744915196436\/2002LosGavilanes\" target=\"_blank\">2002: Los Gavilanes<\/a><\/li>\n<li><a href=\"https:\/\/picasaweb.google.com\/116690876744915196436\/2003LuisaFernanda\" target=\"_blank\">2003: Luisa Fernanda<\/a><\/li>\n<li><a href=\"https:\/\/picasaweb.google.com\/116690876744915196436\/2004ElHuespedDelSevillano\">2004: El Hu\u00e9sped del Sevillano<\/a><\/li>\n<li><a href=\"https:\/\/picasaweb.google.com\/116690876744915196436\/2005Baserria\">2005: Baserria<\/a><\/li>\n<li><a href=\"https:\/\/picasaweb.google.com\/116690876744915196436\/2006LaLeyendaDelBeso\">2006: La Leyenda del Beso<\/a><\/li>\n<li><a href=\"https:\/\/picasaweb.google.com\/116690876744915196436\/2007ElDuoDeLaAfricana\">2007: El D\u00fao de la Africana<\/a><\/li>\n<li><a href=\"https:\/\/picasaweb.google.com\/116690876744915196436\/2008ElBarberilloDeLavapies\">2008: El Barberillo de Lavapi\u00e9s<\/a><\/li>\n<li><a href=\"https:\/\/picasaweb.google.com\/116690876744915196436\/LaCorteDeFaraon\" target=\"_blank\">2009:\u00a0La Corte de Fara\u00f3n<\/a><\/li>\n<li><a href=\"https:\/\/plus.google.com\/u\/1\/photos\/116690876744915196436\/albums\/5755016760167995441?banner=pwa\" target=\"_blank\">2010: La Gran V\u00eda<\/a><\/li>\n<li><a href=\"https:\/\/plus.google.com\/u\/1\/photos\/116690876744915196436\/albums\/5755008163106977425?banner=pwa\" target=\"_blank\">2011: La Revoltosa<\/a><\/li>\n<li>2012: Gigantes y cabezudos<\/li>\n<\/ul>\n","protected":false},"excerpt":{"rendered":"<p>Honako helbideetan topatuko dituzue obretan ateratako argazkiak, guztiak ere picasa-ko kontuan pilatuak: 2000: La Tabernera del Puerto 2001: Katiuska 2002: Los Gavilanes 2003: Luisa Fernanda 2004: El Hu\u00e9sped del Sevillano 2005: Baserria 2006: La Leyenda del Beso 2007: El D\u00fao de la Africana 2008: El Barberillo de Lavapi\u00e9s 2009:\u00a0La Corte de Fara\u00f3n 2010: La Gran &hellip; <\/p>\n<p><a class=\"more-link btn\" href=\"https:\/\/blogak.goiena.eus\/imurgiaelkartea\/argazkiak\/\">Continue reading<\/a><\/p>\n","protected":false},"author":108,"featured_media":0,"parent":0,"menu_order":19,"comment_status":"closed","ping_status":"closed","template":"","meta":{"ngg_post_thumbnail":0,"footnotes":""},"class_list":["post-283","page","type-page","status-publish","hentry","nodate","item-wrap"],"_links":{"self":[{"href":"https:\/\/blogak.goiena.eus\/imurgiaelkartea\/wp-json\/wp\/v2\/pages\/283","targetHints":{"allow":["GET"]}}],"collection":[{"href":"https:\/\/blogak.goiena.eus\/imurgiaelkartea\/wp-json\/wp\/v2\/pages"}],"about":[{"href":"https:\/\/blogak.goiena.eus\/imurgiaelkartea\/wp-json\/wp\/v2\/types\/page"}],"author":[{"embeddable":true,"href":"https:\/\/blogak.goiena.eus\/imurgiaelkartea\/wp-json\/wp\/v2\/users\/108"}],"replies":[{"embeddable":true,"href":"https:\/\/blogak.goiena.eus\/imurgiaelkartea\/wp-json\/wp\/v2\/comments?post=283"}],"version-history":[{"count":0,"href":"https:\/\/blogak.goiena.eus\/imurgiaelkartea\/wp-json\/wp\/v2\/pages\/283\/revisions"}],"wp:attachment":[{"href":"https:\/\/blogak.goiena.eus\/imurgiaelkartea\/wp-json\/wp\/v2\/media?parent=283"}],"curies":[{"name":"wp","href":"https:\/\/api.w.org\/{rel}","templated":true}]}}

<p>Honako helbideetan topatuko dituzue obretan ateratako argazkiak, guztiak ere picasa-ko kontuan pilatuak:</p>
<ul>
<li><a href="https://picasaweb.google.com/116690876744915196436/2000LaTaberneraDelPuerto?authkey=Gv1sRgCJ_mq_j7m5vIDg" target="_blank">2000: La Tabernera del Puerto</a></li>
<li><a href="https://picasaweb.google.com/116690876744915196436/2001Katiuska" target="_blank">2001: Katiuska</a></li>
<li><a href="https://picasaweb.google.com/116690876744915196436/2002LosGavilanes" target="_blank">2002: Los Gavilanes</a></li>
<li><a href="https://picasaweb.google.com/116690876744915196436/2003LuisaFernanda" target="_blank">2003: Luisa Fernanda</a></li>
<li><a href="https://picasaweb.google.com/116690876744915196436/2004ElHuespedDelSevillano">2004: El Huésped del Sevillano</a></li>
<li><a href="https://picasaweb.google.com/116690876744915196436/2005Baserria">2005: Baserria</a></li>
<li><a href="https://picasaweb.google.com/116690876744915196436/2006LaLeyendaDelBeso">2006: La Leyenda del Beso</a></li>
<li><a href="https://picasaweb.google.com/116690876744915196436/2007ElDuoDeLaAfricana">2007: El Dúo de la Africana</a></li>
<li><a href="https://picasaweb.google.com/116690876744915196436/2008ElBarberilloDeLavapies">2008: El Barberillo de Lavapiés</a></li>
<li><a href="https://picasaweb.google.com/116690876744915196436/LaCorteDeFaraon" target="_blank">2009: La Corte de Faraón</a></li>
<li><a href="https://plus.google.com/u/1/photos/116690876744915196436/albums/5755016760167995441?banner=pwa" target="_blank">2010: La Gran Vía</a></li>
<li><a href="https://plus.google.com/u/1/photos/116690876744915196436/albums/5755008163106977425?banner=pwa" target="_blank">2011: La Revoltosa</a></li>
<li>2012: Gigantes y cabezudos</li>
</ul>

<p>Honako helbideetan topatuko dituzue obretan ateratako argazkiak, guztiak ere picasa-ko kontuan pilatuak: 2000: La Tabernera del Puerto 2001: Katiuska 2002: Los Gavilanes 2003: Luisa Fernanda 2004: El Huésped del Sevillano 2005: Baserria 2006: La Leyenda del Beso 2007: El Dúo de la Africana 2008: El Barberillo de Lavapiés 2009: La Corte de Faraón 2010: La Gran &hellip; </p>
<p><a class="more-link btn" href="https://blogak.goiena.eus/imurgiaelkartea/argazkiak/">Continue reading</a></p>
