{"id":245,"date":"2011-10-09T15:17:49","date_gmt":"2011-10-09T13:17:49","guid":{"rendered":"http:\/\/agrupacionimurgia.wordpress.com\/?page_id=245"},"modified":"2011-10-09T15:17:49","modified_gmt":"2011-10-09T13:17:49","slug":"tere-gonzalez","status":"publish","type":"page","link":"https:\/\/blogak.goiena.eus\/imurgiaelkartea\/nortzuk-gara\/tere-gonzalez\/","title":{"rendered":"Tere Gonzalez"},"content":{"rendered":"<p><img loading=\"lazy\" decoding=\"async\" class=\"alignleft\" title=\"300 (id: 8852254)\" src=\"http:\/\/www.mondraberri.com\/mondraberri\/contenidos.downloadimg.action?id=8852254\" alt=\"300 (id: 8852254)\" width=\"210\" height=\"277\" \/><\/p>\n<p><span style=\"font-family: Arial\">Tere Gonzalez Izaskun Murgia Elkarte Lirikoko zuzendaria da, bere sorreratik.<br \/>\n<\/span><\/p>\n<p><span style=\"font-family: Arial\">Arrasaten jaio zen. Arrasate Musikalen hasi zituen kantuko ikasketak, eta Izaskun Murgia irakasle izan zuen. Ikasketok Donostiako Goi Mailako Musika Kontserbatorioan jarraitu zituen, M. Jesus Irigoien katedradunarekin. Bikainekoarekin bukatu zuen, baita Ohorezko Aipamena jaso ere.<\/span><\/p>\n<p><span style=\"font-family: Arial\">Hiri berbereko Victoria Eugenia antzokian abestu zuen lehen aldiz,\u00a0<em>Dido and Aeneas<\/em>, M.Purcell-en operan, Sorceress-en paperean, Miguel Amantegi-ren zuzendaritzapean.<\/span><\/p>\n<p><span style=\"font-family: Arial\">Eskoriatzako Gorosarri Abesbatzarekin eta Arrasate Musikaleko Orkestrarekin solista izan zen. Juan Arzamendi zenaren zuzendaritzapean Vivaldi-ren\u00a0<em>Gloria<\/em>\u00a0eta Mozarten\u00a0<em>Misa de la <\/em><\/span><\/p>\n<p><span style=\"font-family: Arial\"><em>Coronaci\u00f3n<\/em>\u00a0obrak interpretatu zituen, besteak beste. Musika eskola bereko Akordeoi Orkestrarekin ere solista izan zen,\u00a0<em>Carmen<\/em>\u00a0operako\u00a0<em>Habanera\u00a0<\/em>(Bizet) eta\u00a0<em>La Gran V\u00eda<\/em> zartzuelako\u00a0<em>Tango de la Menegilda<\/em>\u00a0(Chueca y Valverde) obrekin.<\/span><\/p>\n<p><span style=\"font-family: Arial\">Sei urtetan zehar Donostiako Goi Mailako Musika Kontserbatorioan laukote liriko bateko partaidea izan zen. Bertan, kontralto bakarlari lanetan, Tomas Aragues-en zuzendaritzapean, honako obrak interpretatu zituen, besteak beste:\u00a0<em>Misa de la Coronaci\u00f3n<\/em>(Mozart),\u00a0<em>Requiem\u00a0<\/em>(Mozart),\u00a0<em>V\u00edsperas de Confesores\u00a0<\/em>(Mozart) eta\u00a0<em>Cantata\u00a0<\/em>(Garbizu). Arrasateko San Frantzisko Xabier Ikastolaren 25. urteurrenean eskaini zen\u00a0<em>Sorginpunki<\/em>operan (Gorka Sierra) izen berbereko sorgina izan zen.<\/span><\/p>\n<p><span style=\"font-family: Arial\">Eskoriatzako Musika Eskolan kantu koraleko eta musika lengoaiako klaseak eman zituen 1987 eta 1995 bitartean.<\/span><\/p>\n<p><span style=\"font-family: Arial\">1994 eta 2000 urteen artean, berriz, Aramaioko Bixente Goikoetxea abesbatzan zuzendari izan zen.<\/span><\/p>\n<p><span style=\"font-family: Arial\">Gaur egun, Arrasate Musikaleko kantu irakaslea da, eta Izaskun Murgia Elkarte Lirikoko zuzendaria.<\/span><\/p>\n<div><\/div>\n<div><span style=\"font-family: Arial\">______________________________________________<\/span><\/div>\n<div><\/div>\n<div><em><span style=\"font-family: Arial\"><span style=\"font-family: Arial\"><span style=\"font-family: Arial\">Directora de la Agrupaci\u00f3n lzaskun Murgia. Naci\u00f3 en Arrasate. Comenz\u00f3 sus estudios de canto en Arrasate Musikal con Izaskun Murgia. Continu\u00f3 su aprendizaje en el Conservatorio Superior de M\u00fasica de San Sebasti\u00e1n con la Catedr\u00e1tica M\u00aa Jes\u00fas Irigoyen. Finaliz\u00f3 sus estudios con sobresaliente y Menci\u00f3n de Honor.<\/span><\/span><\/span><\/em><em><span style=\"font-family: Arial\">Debut\u00f3 en el Teatro Victoria Eugenia con la \u00d3pera Dido and Aeneas (M. Purcell) en el papel de Sorceress, bajo la direcci\u00f3n de Miguel Amantegi.<\/span><\/em><em><\/em><em><span style=\"font-family: Arial\">Realiz\u00f3 diversas colaboraciones como solista con la Coral Gorosarri de Eskoriatza y la Orquesta de Arrasate Musikal, interpretando obras como el Gloria (Vivaldi) y la Misa de la Coronaci\u00f3n (Mozart) bajo la direcci\u00f3n de Juan Arzamendi. Particip\u00f3 como solista con la Orquesta de Acordeones de Arrasate Musikal interpretando Habanera de la \u00f3pera Carmen (Bizet) y Tango de la Menegilda de la zarzuela La Gran V\u00eda (Chueca y Valverde).<\/span><\/em><em><\/em><em><span style=\"font-family: Arial\">Perteneci\u00f3 durante seis a\u00f1os al cuarteto l\u00edrico del Conservatorio Superior de M\u00fasica de San Sebasti\u00e1n como contralto solista interpretando las obras: Misa de la Coronaci\u00f3n (Mozart), Requiem (Mozart), V\u00edsperas de Confesores (Mozart), Cantata (Garbizu) etc&#8230; bajo la direcci\u00f3n de Tom\u00e1s Arag\u00fc\u00e9s. Fue Sorginpunki en la \u00f3pera del mismo nombre (compuesta por Gorka Sierra) en el 25 aniversario de la ikastola de Arrasate.<\/span><\/em><\/p>\n<p><em><\/em><em><span style=\"font-family: Arial\">Imparti\u00f3 clases de lenguaje musical y de canto coral en la Musika Eskola de Eskoriatza en el per\u00edodo 1987-1995.<\/span><\/em><\/p>\n<p><em><\/em><em><span style=\"font-family: Arial\">Ha codirigido el coro Bixente Goikoetxea de Aramaio en el per\u00edodo 1994-2000.<\/span><\/em><\/p>\n<p><em><\/em><em><span style=\"font-family: Arial\">En la actualidad es profesora de canto de Arrasate Musikal y Directora de la Agrupaci\u00f3n &#8220;Izaskun Murgia&#8221;<\/span><\/em><\/p>\n<p><span style=\"font-family: Arial\"><br \/>\n<\/span><\/p>\n<\/div>\n","protected":false},"excerpt":{"rendered":"<p>Tere Gonzalez Izaskun Murgia Elkarte Lirikoko zuzendaria da, bere sorreratik. Arrasaten jaio zen. Arrasate Musikalen hasi zituen kantuko ikasketak, eta Izaskun Murgia irakasle izan zuen. Ikasketok Donostiako Goi Mailako Musika Kontserbatorioan jarraitu zituen, M. Jesus Irigoien katedradunarekin. Bikainekoarekin bukatu zuen, baita Ohorezko Aipamena jaso ere. Hiri berbereko Victoria Eugenia antzokian abestu zuen lehen aldiz,\u00a0Dido and &hellip; <\/p>\n<p><a class=\"more-link btn\" href=\"https:\/\/blogak.goiena.eus\/imurgiaelkartea\/nortzuk-gara\/tere-gonzalez\/\">Continue reading<\/a><\/p>\n","protected":false},"author":108,"featured_media":0,"parent":79,"menu_order":16,"comment_status":"closed","ping_status":"closed","template":"","meta":{"ngg_post_thumbnail":0,"footnotes":""},"class_list":["post-245","page","type-page","status-publish","hentry","nodate","item-wrap"],"_links":{"self":[{"href":"https:\/\/blogak.goiena.eus\/imurgiaelkartea\/wp-json\/wp\/v2\/pages\/245","targetHints":{"allow":["GET"]}}],"collection":[{"href":"https:\/\/blogak.goiena.eus\/imurgiaelkartea\/wp-json\/wp\/v2\/pages"}],"about":[{"href":"https:\/\/blogak.goiena.eus\/imurgiaelkartea\/wp-json\/wp\/v2\/types\/page"}],"author":[{"embeddable":true,"href":"https:\/\/blogak.goiena.eus\/imurgiaelkartea\/wp-json\/wp\/v2\/users\/108"}],"replies":[{"embeddable":true,"href":"https:\/\/blogak.goiena.eus\/imurgiaelkartea\/wp-json\/wp\/v2\/comments?post=245"}],"version-history":[{"count":0,"href":"https:\/\/blogak.goiena.eus\/imurgiaelkartea\/wp-json\/wp\/v2\/pages\/245\/revisions"}],"up":[{"embeddable":true,"href":"https:\/\/blogak.goiena.eus\/imurgiaelkartea\/wp-json\/wp\/v2\/pages\/79"}],"wp:attachment":[{"href":"https:\/\/blogak.goiena.eus\/imurgiaelkartea\/wp-json\/wp\/v2\/media?parent=245"}],"curies":[{"name":"wp","href":"https:\/\/api.w.org\/{rel}","templated":true}]}}

<p><img loading="lazy" decoding="async" class="alignleft" title="300 (id: 8852254)" src="http://www.mondraberri.com/mondraberri/contenidos.downloadimg.action?id=8852254" alt="300 (id: 8852254)" width="210" height="277" /></p>
<p><span style="font-family: Arial">Tere Gonzalez Izaskun Murgia Elkarte Lirikoko zuzendaria da, bere sorreratik.<br />
</span></p>
<p><span style="font-family: Arial">Arrasaten jaio zen. Arrasate Musikalen hasi zituen kantuko ikasketak, eta Izaskun Murgia irakasle izan zuen. Ikasketok Donostiako Goi Mailako Musika Kontserbatorioan jarraitu zituen, M. Jesus Irigoien katedradunarekin. Bikainekoarekin bukatu zuen, baita Ohorezko Aipamena jaso ere.</span></p>
<p><span style="font-family: Arial">Hiri berbereko Victoria Eugenia antzokian abestu zuen lehen aldiz, <em>Dido and Aeneas</em>, M.Purcell-en operan, Sorceress-en paperean, Miguel Amantegi-ren zuzendaritzapean.</span></p>
<p><span style="font-family: Arial">Eskoriatzako Gorosarri Abesbatzarekin eta Arrasate Musikaleko Orkestrarekin solista izan zen. Juan Arzamendi zenaren zuzendaritzapean Vivaldi-ren <em>Gloria</em> eta Mozarten <em>Misa de la </em></span></p>
<p><span style="font-family: Arial"><em>Coronación</em> obrak interpretatu zituen, besteak beste. Musika eskola bereko Akordeoi Orkestrarekin ere solista izan zen, <em>Carmen</em> operako <em>Habanera </em>(Bizet) eta <em>La Gran Vía</em> zartzuelako <em>Tango de la Menegilda</em> (Chueca y Valverde) obrekin.</span></p>
<p><span style="font-family: Arial">Sei urtetan zehar Donostiako Goi Mailako Musika Kontserbatorioan laukote liriko bateko partaidea izan zen. Bertan, kontralto bakarlari lanetan, Tomas Aragues-en zuzendaritzapean, honako obrak interpretatu zituen, besteak beste: <em>Misa de la Coronación</em>(Mozart), <em>Requiem </em>(Mozart), <em>Vísperas de Confesores </em>(Mozart) eta <em>Cantata </em>(Garbizu). Arrasateko San Frantzisko Xabier Ikastolaren 25. urteurrenean eskaini zen <em>Sorginpunki</em>operan (Gorka Sierra) izen berbereko sorgina izan zen.</span></p>
<p><span style="font-family: Arial">Eskoriatzako Musika Eskolan kantu koraleko eta musika lengoaiako klaseak eman zituen 1987 eta 1995 bitartean.</span></p>
<p><span style="font-family: Arial">1994 eta 2000 urteen artean, berriz, Aramaioko Bixente Goikoetxea abesbatzan zuzendari izan zen.</span></p>
<p><span style="font-family: Arial">Gaur egun, Arrasate Musikaleko kantu irakaslea da, eta Izaskun Murgia Elkarte Lirikoko zuzendaria.</span></p>
<div></div>
<div><span style="font-family: Arial">______________________________________________</span></div>
<div></div>
<div><em><span style="font-family: Arial"><span style="font-family: Arial"><span style="font-family: Arial">Directora de la Agrupación lzaskun Murgia. Nació en Arrasate. Comenzó sus estudios de canto en Arrasate Musikal con Izaskun Murgia. Continuó su aprendizaje en el Conservatorio Superior de Música de San Sebastián con la Catedrática Mª Jesús Irigoyen. Finalizó sus estudios con sobresaliente y Mención de Honor.</span></span></span></em><em><span style="font-family: Arial">Debutó en el Teatro Victoria Eugenia con la Ópera Dido and Aeneas (M. Purcell) en el papel de Sorceress, bajo la dirección de Miguel Amantegi.</span></em><em></em><em><span style="font-family: Arial">Realizó diversas colaboraciones como solista con la Coral Gorosarri de Eskoriatza y la Orquesta de Arrasate Musikal, interpretando obras como el Gloria (Vivaldi) y la Misa de la Coronación (Mozart) bajo la dirección de Juan Arzamendi. Participó como solista con la Orquesta de Acordeones de Arrasate Musikal interpretando Habanera de la ópera Carmen (Bizet) y Tango de la Menegilda de la zarzuela La Gran Vía (Chueca y Valverde).</span></em><em></em><em><span style="font-family: Arial">Perteneció durante seis años al cuarteto lírico del Conservatorio Superior de Música de San Sebastián como contralto solista interpretando las obras: Misa de la Coronación (Mozart), Requiem (Mozart), Vísperas de Confesores (Mozart), Cantata (Garbizu) etc&#8230; bajo la dirección de Tomás Aragüés. Fue Sorginpunki en la ópera del mismo nombre (compuesta por Gorka Sierra) en el 25 aniversario de la ikastola de Arrasate.</span></em></p>
<p><em></em><em><span style="font-family: Arial">Impartió clases de lenguaje musical y de canto coral en la Musika Eskola de Eskoriatza en el período 1987-1995.</span></em></p>
<p><em></em><em><span style="font-family: Arial">Ha codirigido el coro Bixente Goikoetxea de Aramaio en el período 1994-2000.</span></em></p>
<p><em></em><em><span style="font-family: Arial">En la actualidad es profesora de canto de Arrasate Musikal y Directora de la Agrupación &#8220;Izaskun Murgia&#8221;</span></em></p>
<p><span style="font-family: Arial"><br />
</span></p>
</div>
